{"id":878,"date":"2021-11-24T20:28:53","date_gmt":"2021-11-24T19:28:53","guid":{"rendered":"https:\/\/maywinkelmann.com\/boligteksten\/?page_id=878"},"modified":"2024-10-16T20:36:30","modified_gmt":"2024-10-16T18:36:30","slug":"persondatapolitik-og-cookie-og-privatlivspolitik","status":"publish","type":"page","link":"https:\/\/maywinkelmann.com\/boligteksten\/persondatapolitik-og-cookie-og-privatlivspolitik\/","title":{"rendered":"Persondatapolitik og Cookie- og Privatlivspolitik"},"content":{"rendered":"<div id=\"pl-878\"  class=\"panel-layout\" ><div id=\"pg-878-0\"  class=\"panel-grid panel-has-style\" ><div class=\"siteorigin-panels-stretch panel-row-style panel-row-style-for-878-0\" data-stretch-type=\"full-width-stretch\" ><div id=\"pgc-878-0-0\"  class=\"panel-grid-cell\" ><div id=\"panel-878-0-0-0\" class=\"so-panel widget widget_sow-editor panel-first-child panel-last-child\" data-index=\"0\" ><div class=\"panel-widget-style panel-widget-style-for-878-0-0-0\" ><div\n\t\t\t\n\t\t\tclass=\"so-widget-sow-editor so-widget-sow-editor-base\"\n\t\t\t\n\t\t>\n<div class=\"siteorigin-widget-tinymce textwidget\">\n\t<div class=\"n2_ss_slider_publish__option_code\" dir=\"ltr\" data-mode=\"id\"><\/div>\n<\/div>\n<\/div><\/div><\/div><\/div><\/div><\/div><div id=\"pg-878-1\"  class=\"panel-grid panel-no-style\" ><div id=\"pgc-878-1-0\"  class=\"panel-grid-cell\" ><div id=\"panel-878-1-0-0\" class=\"so-panel widget widget_sow-editor panel-first-child panel-last-child\" data-index=\"1\" ><div class=\"panel-widget-style panel-widget-style-for-878-1-0-0\" ><div\n\t\t\t\n\t\t\tclass=\"so-widget-sow-editor so-widget-sow-editor-base\"\n\t\t\t\n\t\t>\n<div class=\"siteorigin-widget-tinymce textwidget\">\n\t<div id=\"panel-gb3-619e8e8c1d5e4-0-0-2\" class=\"so-panel widget widget_sow-editor panel-last-child\" data-index=\"2\">\n<div id=\"dansk\" class=\"panel-widget-style panel-widget-style-for-gb3-619e8e8c1d5e4-0-0-2\">\n<div class=\"so-widget-sow-editor so-widget-sow-editor-base\">\n<div class=\"siteorigin-widget-tinymce textwidget\">\n<h2 style=\"text-align: left;\"><span style=\"color: #000000; font-size: 16pt; font-family: Jost;\">GENERELT<\/span><\/h2>\n<p style=\"text-align: left;\"><span style=\"color: #000000;\">Persondatapolitik og Cookie- og Privatlivspolitik:<br \/>\nVi indhenter kun persondata i de tilf\u00e6lde, hvor dette er relevant for os, og vi vil kun indhente persondata, hvis det er relevant for din aktivitet hos Boligteksten.<\/span><\/p>\n<p style=\"text-align: left;\"><span style=\"color: #000000;\">Ved indsamling, behandling og anvendelse af dine persondata overholder vi altid alle relevante lovbestemmelser.<\/span><\/p>\n<p style=\"text-align: left;\"><span style=\"color: #000000;\">Vi opbevare kun dine persondata, s\u00e5 l\u00e6nge vi enten er p\u00e5lagt en juridisk forpligtelse hertil, eller s\u00e5 l\u00e6nge det er relevant for den hensigt, hvormed de blev indsamlet \u2013 hvilket vi vurderer til 6 m\u00e5neder.<\/span><\/p>\n<h2 style=\"text-align: left;\"><span style=\"color: #000000;\"><span style=\"font-size: 16pt; font-family: Jost;\">UDGIVER OG DATAANSVARLIG<\/span><\/span><\/h2>\n<p style=\"text-align: left;\"><span style=\"color: #000000;\">Websitet ejes og publiceres af:<br \/>\n<\/span><span style=\"color: #000000;\">Boligteksten \/May Winkelmann<\/span><br \/>\n<span style=\"color: #000000;\"><span class=\"lh-1 font-size-14\">N\u00f8rre All\u00e9 19U, st.<br \/>\n2200 K\u00f8benhavn N<\/span><br \/>\n<\/span><br \/>\n<span style=\"color: #000000;\">+45 40 35 97 96<\/span><br \/>\n<span style=\"color: #000000;\">boligteksten@maywinkelmann.com<\/span><\/p>\n<p style=\"text-align: left;\"><span style=\"color: #000000;\">Ovenst\u00e5ende er ogs\u00e5 den dataansvarlige for indsamling, behandling og anvendelse af dine personoplysninger p\u00e5 https:\/\/maywinkelmann.com\/boligteksten\/<\/span><\/p>\n<h2 style=\"text-align: left;\"><span style=\"color: #000000; font-size: 16pt; font-family: Jost;\">OPLYSNINGER VI INDSAMLER<\/span><\/h2>\n<p style=\"text-align: left;\"><span style=\"color: #000000;\">Hvis du \u00f8nsker at k\u00f8be og modtage et produkt eller en ydelse fra os, har vi brug for at indsamle visse persondata for at kunne gennemf\u00f8re handlen og for at kunne tilbyde dig vores services.<\/span><br \/>\n<span style=\"color: #000000;\">Vi kan bruge cookies til at holde styr p\u00e5 indholdet i din indk\u00f8bskurv, mens du bruger vores webshop.<\/span><br \/>\n<span style=\"color: #000000;\">Vi kan indhente oplysninger som f.eks. navn, e-mailadresse, postadresse, leveringsadresse (hvis den varierer fra postadresse), telefonnummer og betalingsoplysninger.<\/span><\/p>\n<p style=\"text-align: left;\"><span style=\"color: #000000;\">Boligteksten indsamler og behandler dine persondata, n\u00e5r du foretager dig f\u00f8lgende:<\/span><\/p>\n<p style=\"text-align: left;\"><span style=\"color: #000000;\">\u2013 Bes\u00f8ger vores hjemmeside<\/span><br \/>\n<span style=\"color: #000000;\">\u2013 Gennemf\u00f8rer et k\u00f8b af vores produkter<\/span><br \/>\n<span style=\"color: #000000;\">\u2013 Opretter en konto<\/span><br \/>\n<span style=\"color: #000000;\">\u2013 Sender os sp\u00f8rgsm\u00e5l, reklamationer eller feedback<\/span><\/p>\n<h2 style=\"text-align: left;\"><span style=\"color: #000000; font-size: 16pt; font-family: Jost;\">BEHANDLINGSGRUNDLAG OG FORM\u00c5L<\/span><\/h2>\n<p style=\"text-align: left;\"><span style=\"color: #000000;\">Dine almindelige kontaktoplysninger som navn og adresse indhenter vi for at kunne levere det produkt eller den ydelse, som du har k\u00f8bt hos os.<\/span><br \/>\n<span style=\"color: #000000;\">Din e-mailadresse indhenter vi for at kunne sende dig ordrebekr\u00e6ftelse, leveringsbekr\u00e6ftelse og dit k\u00f8bte produkt.<\/span><br \/>\n<span style=\"color: #000000;\">Dit navn, dine kortdata og IP-adresse indsamler vi, n\u00e5r du betaler for dit produkt eller din ydelse.\u2028 De oplysninger, der indsamles i forbindelse med betalingstransaktionen, anvendes og gemmes kun til betalingsafvikling og opfyldelse af den indg\u00e5ede aftale. Ved gennemf\u00f8relse af betalinger, vil nogle af dine data blive videregivet til Onpay.io, inklusiv information der er n\u00f8dvendig for at gennemf\u00f8re eller underst\u00f8tte betalingen, s\u00e5som det totale k\u00f8bsbel\u00f8b og faktureringsinformation.<\/span><\/p>\n<p style=\"text-align: left;\"><span style=\"color: #000000;\">Hvis du ikke \u00f8nsker at opgive de persondata, som er p\u00e5kr\u00e6vet for at gennemf\u00f8re et k\u00f8b af et produkt, vil du desv\u00e6rre ikke have mulighed for at k\u00f8be produkter af os p\u00e5 vores hjemmeside.<\/span><\/p>\n<p style=\"text-align: left;\"><span style=\"color: #000000;\">Dine oplysninger (undtagen din e-mailadresse, hvis du har givet samtykke til behandling heraf med henblik p\u00e5 modtagelse af tilbud) vil blive slettet 6 m\u00e5neder efter, at du har modtaget din vare eller ydelse.<\/span><\/p>\n<h2 style=\"text-align: left;\"><span style=\"color: #000000; font-size: 16pt; font-family: Jost;\">ANDRE MODTAGERE AF PERSONOPLYSNINGER<\/span><\/h2>\n<p style=\"text-align: left;\"><span style=\"color: #000000;\">Vi s\u00e6lger ikke dine persondata til tredjemand, og vi overf\u00f8rer ikke dine persondata til tredjelande.<\/span><\/p>\n<p style=\"text-align: left;\"><span style=\"color: #000000;\">Vi har vores hjemmeside hos simply.com A\/S, som fungerer som vores databehandler. Alle persondata som du oplyser p\u00e5 vores hjemmeside vil blive opbevaret i simply.com A\/S\u00b4s datacentre.<\/span><\/p>\n<p style=\"text-align: left;\"><span style=\"color: #000000;\">Hvis og n\u00e5r vi anvender eksterne virksomheder som leverand\u00f8rer for at levere vores ydelser bedst muligt. Disse eksterne leverand\u00f8rer er databehandlere og behandler i visse tilf\u00e6lde personoplysninger i forbindelse med deres levering af ydelser til os. Vores databehandlere behandler kun personoplysninger efter vores instruks og i overensstemmelse med lovgivningens krav til databehandlere.<\/span><\/p>\n<p style=\"text-align: left;\"><span style=\"color: #000000;\">Vi har indg\u00e5et databehandleraftaler med vores databehandlere, hvilket er vores garanti for, at de overholder g\u00e6ldende regler om beskyttelse af dine personoplysninger.<\/span><\/p>\n<h2 style=\"text-align: left;\"><span style=\"color: #000000; font-size: 16pt; font-family: Jost;\">DINE RETTIGHEDER<\/span><\/h2>\n<p style=\"text-align: left;\"><span style=\"color: #000000;\">Som den registrerede har du en r\u00e6kke rettigheder, som vi til enhver tid skal sikre opfyldelse af. Du har ret til at anmode os om f\u00f8lgende:<\/span><br \/>\n<span style=\"color: #000000;\">\u2022 At f\u00e5 adgang til og f\u00e5 rettet\/\u00e6ndret dine persondata<\/span><br \/>\n<span style=\"color: #000000;\">\u2022 At f\u00e5 slettet persondata<\/span><\/p>\n<p style=\"text-align: left;\"><span style=\"color: #000000;\">Du har derudover ret til at protestere over behandlingen af dine personlige data, og du har ret til at indgive klage til en databeskyttelsesmyndighed.<\/span><\/p>\n<p style=\"text-align: left;\"><span style=\"color: #000000;\">\u00d8nsker du ikke l\u00e6ngere, at vi skal behandle dine personoplysninger, eller at vi skal begr\u00e6nse behandlingen af dine personoplysninger, kan du ogs\u00e5 sende os en anmodning herom til vores e-mailadresse boligteksten@maywinkelmann.com.<\/span><\/p>\n<h2 style=\"text-align: left;\"><span style=\"font-size: 24px; color: #000000;\">COOKIE- OG PRIVATLIVSPOLITIK FOR GURUS&amp;HEROINES<\/span><\/h2>\n<h2 style=\"text-align: left;\"><span style=\"color: #000000; font-size: 16pt; font-family: Jost;\">COOKIES<\/span><\/h2>\n<p style=\"text-align: left;\"><span style=\"color: #000000;\">Websitet anvender \u201ccookies\u201d, der er en tekstfil, som gemmes p\u00e5 din computer, mobil el. tilsvarende med det form\u00e5l at genkende den, huske indstillinger, udf\u00f8re statistik og m\u00e5lrette annoncer. Cookies kan ikke indeholde skadelig kode som f.eks. virus.<\/span><\/p>\n<p style=\"text-align: left;\"><span style=\"color: #000000;\">Det er muligt at slette eller blokere for cookies. Se vejledning: http:\/\/minecookies.org\/cookiehandtering<\/span><\/p>\n<p style=\"text-align: left;\"><span style=\"color: #000000;\">Hvis du sletter eller blokerer cookies vil annoncer kunne blive mindre relevante for dig og optr\u00e6de hyppigere. Du kan desuden risikere at websitet ikke fungerer optimalt samt at der er indhold, du ikke kan f\u00e5 adgang til.<\/span><\/p>\n<h2 style=\"text-align: left;\"><span style=\"color: #000000; font-size: 24px; font-family: Jost;\">PERSONOPLYSNINGER<\/span><\/h2>\n<h2 style=\"text-align: left;\"><span style=\"color: #000000; font-size: 16pt; font-family: Jost;\">GENERELT<\/span><\/h2>\n<p style=\"text-align: left;\"><span style=\"color: #000000;\">Personoplysninger er alle slags informationer, der i et eller andet omfang kan henf\u00f8res til dig. N\u00e5r du benytter vores website indsamler og behandler vi en r\u00e6kke s\u00e5danne informationer. Det sker f.eks. ved alm. tilgang af indhold, hvis du tilmelder dig vores nyhedsbrev, deltager i konkurrencer eller unders\u00f8gelser, registrerer dig som bruger eller abonnent, \u00f8vrig brug af services eller foretager k\u00f8b via websitet.<\/span><\/p>\n<p style=\"text-align: left;\"><span style=\"color: #000000;\">Vi indsamler og behandler typisk f\u00f8lgende typer af oplysninger: Et unikt ID og tekniske oplysninger om din computer, tablet eller mobiltelefon, dit IP-nummer, geografisk placering, samt hvilke sider du klikker p\u00e5 (interesser). I det omfang du selv giver eksplicit samtykke hertil og selv indtaster informationerne behandles desuden: Navn, telefonnummer, e-mail, adresse og betalingsoplysninger. Det vil typisk v\u00e6re i forbindelse med oprettelse af login eller ved k\u00f8b.<\/span><\/p>\n<h2 style=\"text-align: left;\"><span style=\"color: #000000; font-size: 16pt; font-family: Jost;\">FORM\u00c5L<\/span><\/h2>\n<p style=\"text-align: left;\"><span style=\"color: #000000;\">Oplysningerne bruges til at identificere dig som bruger og vise dig de annoncer, som vil have st\u00f8rst sandsynlighed for at v\u00e6re relevante for dig, at registrere dine k\u00f8b og betalinger, samt at kunne levere de services, du har efterspurgt, som f.eks. at fremsende et nyhedsbrev. Herudover anvender vi oplysningerne til at optimere vores services og indhold.<br \/>\nPersondatapolitik og Cookie- og Privatlivspolitik.<br \/>\n<\/span><\/p>\n<\/div>\n<\/div>\n<\/div>\n<\/div>\n<\/div>\n<\/div><\/div><\/div><\/div><\/div><\/div>","protected":false},"excerpt":{"rendered":"<p>GENERELT Persondatapolitik og Cookie- og Privatlivspolitik: Vi indhenter kun persondata i de tilf\u00e6lde, hvor dette er relevant for os, og vi vil kun indhente persondata, hvis det er relevant for [&hellip;]<\/p>\n","protected":false},"author":2,"featured_media":0,"parent":0,"menu_order":0,"comment_status":"closed","ping_status":"closed","template":"","meta":{"footnotes":""},"class_list":["post-878","page","type-page","status-publish","hentry"],"yoast_head":"<!-- This site is optimized with the Yoast SEO plugin v26.1.1 - https:\/\/yoast.com\/wordpress\/plugins\/seo\/ -->\n<title>Persondatapolitik og Cookie- og Privatlivspolitik - BOLIGTEKSTEN<\/title>\n<meta name=\"description\" content=\"L\u00e6s vores persondatapolitik samt cookie og privatlivspolitik. Vi indhenter kun data, hvis det er relevant for din aktivitet hos Boligteksten.\" \/>\n<meta name=\"robots\" content=\"index, follow, max-snippet:-1, max-image-preview:large, max-video-preview:-1\" \/>\n<link rel=\"canonical\" href=\"https:\/\/maywinkelmann.com\/boligteksten\/persondatapolitik-og-cookie-og-privatlivspolitik\/\" \/>\n<meta property=\"og:locale\" content=\"da_DK\" \/>\n<meta property=\"og:type\" content=\"article\" \/>\n<meta property=\"og:title\" content=\"Persondatapolitik og Cookie- og Privatlivspolitik - BOLIGTEKSTEN\" \/>\n<meta property=\"og:description\" content=\"L\u00e6s vores persondatapolitik samt cookie og privatlivspolitik. Vi indhenter kun data, hvis det er relevant for din aktivitet hos Boligteksten.\" \/>\n<meta property=\"og:url\" content=\"https:\/\/maywinkelmann.com\/boligteksten\/persondatapolitik-og-cookie-og-privatlivspolitik\/\" \/>\n<meta property=\"og:site_name\" content=\"BOLIGTEKSTEN\" \/>\n<meta property=\"article:publisher\" content=\"https:\/\/www.facebook.com\/may.winkelmann\/\" \/>\n<meta property=\"article:modified_time\" content=\"2024-10-16T18:36:30+00:00\" \/>\n<meta name=\"twitter:card\" content=\"summary_large_image\" \/>\n<meta name=\"twitter:label1\" content=\"Estimeret l\u00e6setid\" \/>\n\t<meta name=\"twitter:data1\" content=\"5 minutter\" \/>\n<script type=\"application\/ld+json\" class=\"yoast-schema-graph\">{\"@context\":\"https:\/\/schema.org\",\"@graph\":[{\"@type\":\"WebPage\",\"@id\":\"https:\/\/maywinkelmann.com\/boligteksten\/persondatapolitik-og-cookie-og-privatlivspolitik\/\",\"url\":\"https:\/\/maywinkelmann.com\/boligteksten\/persondatapolitik-og-cookie-og-privatlivspolitik\/\",\"name\":\"Persondatapolitik og Cookie- og Privatlivspolitik - BOLIGTEKSTEN\",\"isPartOf\":{\"@id\":\"https:\/\/maywinkelmann.com\/boligteksten\/#website\"},\"datePublished\":\"2021-11-24T19:28:53+00:00\",\"dateModified\":\"2024-10-16T18:36:30+00:00\",\"description\":\"L\u00e6s vores persondatapolitik samt cookie og privatlivspolitik. Vi indhenter kun data, hvis det er relevant for din aktivitet hos Boligteksten.\",\"breadcrumb\":{\"@id\":\"https:\/\/maywinkelmann.com\/boligteksten\/persondatapolitik-og-cookie-og-privatlivspolitik\/#breadcrumb\"},\"inLanguage\":\"da-DK\",\"potentialAction\":[{\"@type\":\"ReadAction\",\"target\":[\"https:\/\/maywinkelmann.com\/boligteksten\/persondatapolitik-og-cookie-og-privatlivspolitik\/\"]}]},{\"@type\":\"BreadcrumbList\",\"@id\":\"https:\/\/maywinkelmann.com\/boligteksten\/persondatapolitik-og-cookie-og-privatlivspolitik\/#breadcrumb\",\"itemListElement\":[{\"@type\":\"ListItem\",\"position\":1,\"name\":\"Hjem\",\"item\":\"https:\/\/maywinkelmann.com\/boligteksten\/\"},{\"@type\":\"ListItem\",\"position\":2,\"name\":\"Persondatapolitik og Cookie- og Privatlivspolitik\"}]},{\"@type\":\"WebSite\",\"@id\":\"https:\/\/maywinkelmann.com\/boligteksten\/#website\",\"url\":\"https:\/\/maywinkelmann.com\/boligteksten\/\",\"name\":\"BOLIGTEKSTEN\",\"description\":\"- giver lige d\u00e9t ekstra til dit salg\",\"publisher\":{\"@id\":\"https:\/\/maywinkelmann.com\/boligteksten\/#organization\"},\"potentialAction\":[{\"@type\":\"SearchAction\",\"target\":{\"@type\":\"EntryPoint\",\"urlTemplate\":\"https:\/\/maywinkelmann.com\/boligteksten\/?s={search_term_string}\"},\"query-input\":{\"@type\":\"PropertyValueSpecification\",\"valueRequired\":true,\"valueName\":\"search_term_string\"}}],\"inLanguage\":\"da-DK\"},{\"@type\":\"Organization\",\"@id\":\"https:\/\/maywinkelmann.com\/boligteksten\/#organization\",\"name\":\"Boligteksten\",\"url\":\"https:\/\/maywinkelmann.com\/boligteksten\/\",\"logo\":{\"@type\":\"ImageObject\",\"inLanguage\":\"da-DK\",\"@id\":\"https:\/\/maywinkelmann.com\/boligteksten\/#\/schema\/logo\/image\/\",\"url\":\"https:\/\/maywinkelmann.com\/boligteksten\/wp-content\/uploads\/2022\/06\/boliglogo.png\",\"contentUrl\":\"https:\/\/maywinkelmann.com\/boligteksten\/wp-content\/uploads\/2022\/06\/boliglogo.png\",\"width\":432,\"height\":550,\"caption\":\"Boligteksten\"},\"image\":{\"@id\":\"https:\/\/maywinkelmann.com\/boligteksten\/#\/schema\/logo\/image\/\"},\"sameAs\":[\"https:\/\/www.facebook.com\/may.winkelmann\/\",\"https:\/\/www.instagram.com\/gurusandheroines\/\"]}]}<\/script>\n<!-- \/ Yoast SEO plugin. -->","yoast_head_json":{"title":"Persondatapolitik og Cookie- og Privatlivspolitik - BOLIGTEKSTEN","description":"L\u00e6s vores persondatapolitik samt cookie og privatlivspolitik. Vi indhenter kun data, hvis det er relevant for din aktivitet hos Boligteksten.","robots":{"index":"index","follow":"follow","max-snippet":"max-snippet:-1","max-image-preview":"max-image-preview:large","max-video-preview":"max-video-preview:-1"},"canonical":"https:\/\/maywinkelmann.com\/boligteksten\/persondatapolitik-og-cookie-og-privatlivspolitik\/","og_locale":"da_DK","og_type":"article","og_title":"Persondatapolitik og Cookie- og Privatlivspolitik - BOLIGTEKSTEN","og_description":"L\u00e6s vores persondatapolitik samt cookie og privatlivspolitik. Vi indhenter kun data, hvis det er relevant for din aktivitet hos Boligteksten.","og_url":"https:\/\/maywinkelmann.com\/boligteksten\/persondatapolitik-og-cookie-og-privatlivspolitik\/","og_site_name":"BOLIGTEKSTEN","article_publisher":"https:\/\/www.facebook.com\/may.winkelmann\/","article_modified_time":"2024-10-16T18:36:30+00:00","twitter_card":"summary_large_image","twitter_misc":{"Estimeret l\u00e6setid":"5 minutter"},"schema":{"@context":"https:\/\/schema.org","@graph":[{"@type":"WebPage","@id":"https:\/\/maywinkelmann.com\/boligteksten\/persondatapolitik-og-cookie-og-privatlivspolitik\/","url":"https:\/\/maywinkelmann.com\/boligteksten\/persondatapolitik-og-cookie-og-privatlivspolitik\/","name":"Persondatapolitik og Cookie- og Privatlivspolitik - BOLIGTEKSTEN","isPartOf":{"@id":"https:\/\/maywinkelmann.com\/boligteksten\/#website"},"datePublished":"2021-11-24T19:28:53+00:00","dateModified":"2024-10-16T18:36:30+00:00","description":"L\u00e6s vores persondatapolitik samt cookie og privatlivspolitik. Vi indhenter kun data, hvis det er relevant for din aktivitet hos Boligteksten.","breadcrumb":{"@id":"https:\/\/maywinkelmann.com\/boligteksten\/persondatapolitik-og-cookie-og-privatlivspolitik\/#breadcrumb"},"inLanguage":"da-DK","potentialAction":[{"@type":"ReadAction","target":["https:\/\/maywinkelmann.com\/boligteksten\/persondatapolitik-og-cookie-og-privatlivspolitik\/"]}]},{"@type":"BreadcrumbList","@id":"https:\/\/maywinkelmann.com\/boligteksten\/persondatapolitik-og-cookie-og-privatlivspolitik\/#breadcrumb","itemListElement":[{"@type":"ListItem","position":1,"name":"Hjem","item":"https:\/\/maywinkelmann.com\/boligteksten\/"},{"@type":"ListItem","position":2,"name":"Persondatapolitik og Cookie- og Privatlivspolitik"}]},{"@type":"WebSite","@id":"https:\/\/maywinkelmann.com\/boligteksten\/#website","url":"https:\/\/maywinkelmann.com\/boligteksten\/","name":"BOLIGTEKSTEN","description":"- giver lige d\u00e9t ekstra til dit salg","publisher":{"@id":"https:\/\/maywinkelmann.com\/boligteksten\/#organization"},"potentialAction":[{"@type":"SearchAction","target":{"@type":"EntryPoint","urlTemplate":"https:\/\/maywinkelmann.com\/boligteksten\/?s={search_term_string}"},"query-input":{"@type":"PropertyValueSpecification","valueRequired":true,"valueName":"search_term_string"}}],"inLanguage":"da-DK"},{"@type":"Organization","@id":"https:\/\/maywinkelmann.com\/boligteksten\/#organization","name":"Boligteksten","url":"https:\/\/maywinkelmann.com\/boligteksten\/","logo":{"@type":"ImageObject","inLanguage":"da-DK","@id":"https:\/\/maywinkelmann.com\/boligteksten\/#\/schema\/logo\/image\/","url":"https:\/\/maywinkelmann.com\/boligteksten\/wp-content\/uploads\/2022\/06\/boliglogo.png","contentUrl":"https:\/\/maywinkelmann.com\/boligteksten\/wp-content\/uploads\/2022\/06\/boliglogo.png","width":432,"height":550,"caption":"Boligteksten"},"image":{"@id":"https:\/\/maywinkelmann.com\/boligteksten\/#\/schema\/logo\/image\/"},"sameAs":["https:\/\/www.facebook.com\/may.winkelmann\/","https:\/\/www.instagram.com\/gurusandheroines\/"]}]}},"_links":{"self":[{"href":"https:\/\/maywinkelmann.com\/boligteksten\/wp-json\/wp\/v2\/pages\/878","targetHints":{"allow":["GET"]}}],"collection":[{"href":"https:\/\/maywinkelmann.com\/boligteksten\/wp-json\/wp\/v2\/pages"}],"about":[{"href":"https:\/\/maywinkelmann.com\/boligteksten\/wp-json\/wp\/v2\/types\/page"}],"author":[{"embeddable":true,"href":"https:\/\/maywinkelmann.com\/boligteksten\/wp-json\/wp\/v2\/users\/2"}],"replies":[{"embeddable":true,"href":"https:\/\/maywinkelmann.com\/boligteksten\/wp-json\/wp\/v2\/comments?post=878"}],"version-history":[{"count":55,"href":"https:\/\/maywinkelmann.com\/boligteksten\/wp-json\/wp\/v2\/pages\/878\/revisions"}],"predecessor-version":[{"id":5128,"href":"https:\/\/maywinkelmann.com\/boligteksten\/wp-json\/wp\/v2\/pages\/878\/revisions\/5128"}],"wp:attachment":[{"href":"https:\/\/maywinkelmann.com\/boligteksten\/wp-json\/wp\/v2\/media?parent=878"}],"curies":[{"name":"wp","href":"https:\/\/api.w.org\/{rel}","templated":true}]}}